 factors of 1151855?
5, 107, 2153
What are the prime factors of 20376678?
2, 3, 7, 109, 4451
What are the prime factors of 356528?
2, 22283
List the prime factors of 3642325.
5, 89, 1637
What are the prime factors of 8494056?
2, 3, 117973
List the prime factors of 3700249.
7, 331, 1597
What are the prime factors of 31016?
2, 3877
What are the prime factors of 1137808?
2, 7, 10159
List the prime factors of 368708.
2, 92177
List the prime factors of 5041761.
3, 23, 89, 821
List the prime factors of 3553440.
2, 3, 5, 11, 673
What are the prime factors of 689718?
2, 3, 139, 827
List the prime factors of 415600.
2, 5, 1039
List the prime factors of 2460101.
7, 19, 53, 349
What are the prime factors of 628778?
2, 29, 37, 293
List the prime factors of 24415756.
2, 6103939
List the prime factors of 9190319.
17, 19, 37, 769
What are the prime factors of 752838?
2, 3, 271, 463
What are the prime factors of 657385?
5, 131477
What are the prime factors of 1117035?
3, 5, 103, 241
List the prime factors of 263417.
7, 11, 311
What are the prime factors of 5324343?
3, 31, 57251
List the prime factors of 5430008.
2, 809, 839
What are the prime factors of 1479637?
73, 20269
What are the prime factors of 21995395?
5, 4399079
What are the prime factors of 8742680?
2, 5, 127, 1721
List the prime factors of 1580814.
2, 3, 31, 2833
What are the prime factors of 1431463?
11, 179, 727
List the prime factors of 4023831.
3, 7, 31, 883
What are the prime factors of 745210?
2, 5, 74521
What are the prime factors of 88586?
2, 44293
What are the prime factors of 2443386?
2, 3, 11, 37021
List the prime factors of 5491420.
2, 5, 11, 109, 229
List the prime factors of 23195248.
2, 971, 1493
List the prime factors of 228202.
2, 13, 67, 131
List the prime factors of 82838.
2, 7, 61, 97
List the prime factors of 2399706.
2, 3, 14813
List the prime factors of 14398303.
17, 71, 79, 151
What are the prime factors of 13505810?
2, 5, 41, 32941
List the prime factors of 213041.
163, 1307
List the prime factors of 6800025.
3, 5, 71, 1277
What are the prime factors of 167373?
3, 6199
List the prime factors of 5062758.
2, 3, 843793
List the prime factors of 7396131.
3, 29, 151, 563
What are the prime factors of 734726?
2, 113, 3251
What are the prime factors of 316943?
11, 28813
What are the prime factors of 36942126?
2, 3, 13, 473617
List the prime factors of 16435785.
3, 5, 1095719
List the prime factors of 463353.
3, 11, 19, 739
List the prime factors of 689383.
689383
List the prime factors of 393227.
17, 23131
List the prime factors of 2434158.
2, 3, 45077
What are the prime factors of 180353?
17, 103
What are the prime factors of 2920734?
2, 3, 162263
What are the prime factors of 650850?
2, 3, 5, 4339
List the prime factors of 6985360.
2, 5, 87317
List the prime factors of 267472.
2, 73, 229
What are the prime factors of 14798985?
3, 5, 986599
List the prime factors of 988499.
17, 58147
List the prime factors of 89209.
89209
List the prime factors of 302671.
313, 967
What are the prime factors of 1829499?
3, 7, 87119
What are the prime factors of 62433?
3, 7, 991
List the prime factors of 564047.
11, 47, 1091
List the prime factors of 1474039.
7, 19, 11083
List the prime factors of 220457.
19, 41, 283
List the prime factors of 344366.
2, 11, 1423
What are the prime factors of 4408487?
53, 223, 373
What are the prime factors of 231254?
2, 43, 2689
What are the prime factors of 427631?
179, 2389
What are the prime factors of 18952?
2, 23, 103
What are the prime factors of 984125?
5, 7873
What are the prime factors of 873571?
873571
List the prime factors of 10254761.
11, 877, 1063
What are the prime factors of 11172426?
2, 3, 907, 2053
What are the prime factors of 10410723?
3, 1156747
What are the prime factors of 2247613?
823, 2731
List the prime factors of 34241742.
2, 3, 1902319
List the prime factors of 980441.
7, 11, 17, 107
What are the prime factors of 19301242?
2, 41, 5741
List the prime factors of 3622020.
2, 3, 5, 17, 53, 67
List the prime factors of 3388141.
89, 38069
List the prime factors of 1666943.
1666943
List the prime factors of 9168939.
3, 13, 78367
List the prime factors of 4963970.
2, 5, 11, 45127
List the prime factors of 109754.
2, 54877
What are the prime factors of 156471?
3, 7, 7451
What are the prime factors of 86042?
2, 11, 3911
What are the prime factors of 13212223?
43, 307261
What are the prime factors of 136417?
136417
What are the prime factors of 17246249?
17246249
What are the prime factors of 46836?
2, 3, 1301
List the prime factors of 285254.
2, 193, 739
List the prime factors of 66455.
5, 13291
What are the prime factors of 943725?
3, 5, 12583
What are the prime factors of 8626777?
8626777
List the prime factors of 10405658.
2, 37, 140617
List the prime factors of 1213858.
2, 97, 6257
List the prime factors of 307195.
5, 7, 67, 131
What are the prime factors of 10986806?
2, 5493403
What are the prime factors of 534894?
2, 3, 59, 1511
List the prime factors of 6186429.
3, 229127
List the prime factors of 29244227.
67, 436481
What are the prime factors of 482661?
3, 53629
What are the prime factors of 298936?
2, 11, 43, 79
List the prime factors of 26791146.
2, 3, 73, 20389
List the prime factors of 3658254.
2, 3, 609709
List the prime factors of 1914983.
7, 273569
What are the prime factors of 471405?
3, 5, 11, 2857
List the prime factors of 866316.
2, 3, 11, 6563
What are the prime factors of 645467?
645467
List the prime factors of 26810.
2, 5, 7, 383
What are the prime factors of 1630292?
2, 407573
List the prime factors of 11412755.
5, 53, 43067
What are the prime factors of 7501290?
2, 3, 5, 250043
What are the prime factors of 2376376?
2, 29, 10243
What are the prime factors of 781933?
499, 1567
What are the prime factors of 591074?
2, 11, 67, 401
What are the prime factors of 37168?
2, 23, 101
What are the prime factors of 75708?
2, 3, 701
What are the prime factors of 1637697?
3, 545899
What are the prime factors of 3336168?
2, 3, 11, 12637
List the prime factors of 447305.
5, 137, 653
What are the prime factors of 292859?
7, 17, 23, 107
List the prime factors of 631412.
2, 43, 3671
What are the prime factors of 21927?
3, 7309
What are the prime factors of 209442?
2, 3, 67, 521
What are the prime factors of 323415?
3, 5, 7187
What are the prime factors of 30268?
2, 7, 23, 47
List the prime factors of 14935495.
5, 2987099
List the prime factors of 368420.
2, 5, 13, 109
List the prime factors of 11397.
3, 29, 131
What are the prime factors of 1031258?
2, 233, 2213
List the prime factors of 59318.
2, 7, 19, 223
List the prime factors of 2924172.
2, 3, 43, 1889
What are the prime factors of 14633987?
1171, 12497
What are the prime factors of 428355?
3, 5, 19, 167
List the prime factors of 246040.
2, 5, 6151
List the prime factors of 432472.
2, 54059
List the prime factors of 856684.
2, 61, 3511
What are the prime factors of 1141358?
2, 31, 41, 449
What are the prime factors of 23544421?
23544421
What are the prime factors of 889158?
2, 3, 148193
List the prime factors of 4844126.
2, 7, 19, 18211
List the prime factors of 533395.
5, 107, 997
What are the prime factors of 6259015?
5, 7, 59, 433
List the prime factors of 122933.
269, 457
What are the prime factors of 125038?
2, 101, 619
What are the prime factors of 496295?
5, 99259
List the prime factors of 2294606.
2, 41, 27983
What are the prime factors of 143929?
163, 883
What are the prime factors of 7443113?
7443113
What are the prime factors of 2594238?
2, 3, 432373
List the prime factors of 60836.
2, 67, 227
List the prime factors of 135310.
2, 5, 7, 1933
What are the prime factors of 128852?
2, 32213
What are the prime factors of 521720?
2, 5, 13043
What are the prime factors of 55326?
2, 3, 9221
What are the prime factors of 91413?
3, 7, 1451
List the prime factors of 1256310.
2, 3, 5, 11, 47
What are the prime factors of 53301?
3, 109, 163
List the prime factors of 4528226.
2, 2264113
List the prime factors of 6263940.
2, 3, 5, 104399
What are the prime factors of 256789?
13, 19753
List the prime factors of 2566274.
2, 1283137
What are the prime factors of 3607300?
2, 5, 36073
What are the prime factors of 102152?
2, 113
List the prime factors of 1950317.
1950317
What are the pri